8*l - 2 - 2*l. Let a be q(10). Suppose u + 3*u = a. Calculate the greatest common factor of u and 15.
15
Let w(b) = b**2 - 6*b + 5. Let r be w(5). Let l be r - (6/(-3))/2. Calculate the highest common factor of 4 and l.
1
Let l be (-16)/4 + 13 + -2 - -1. Let h = 34 + -22. What is the greatest common factor of h and l?
4
Let q = 9 - 29. Let b = q + 25. Suppose b*s + 5*d = 115, -3*d - d + 52 = 2*s. What is the greatest common divisor of 180 and s?
20
Let m(c) = 4*c - 88. Let y be m(26). What is the highest common divisor of y and 16?
16
Let q be (-2 - -50)/((-2)/(-2)). Suppose 1256 - 1304 = -8*h. Calculate the highest common factor of h and q.
6
Suppose -43 = -41*l + 36*l + 2*b, 5*l - 4*b - 41 = 0. Let i = 331 - 187. Calculate the highest common divisor of i and l.
9
Let q be 1/(-2)*3*2. Let y be (-1 + q/(-12))*-12. Suppose k = -2*k + 4*a + 11, 3*a = 12. What is the greatest common factor of y and k?
9
Suppose 3*k + 12 = q, k + 49 = 5*q - 3*k. Let f be q + -4*(-2)/(-4). Suppose -3*i = -f*i + 368. Calculate the highest common factor of i and 23.
23
Suppose 8*x - 4*q - 17 = 5*x, 0 = -2*x - 5*q - 4. What is the highest common factor of x and 24?
3
Let w(c) = 10*c - 7. Let z be w(3). Suppose -z = u - 31. Calculate the highest common factor of u and 20.
4
Let c be 2304/88 + -1 + 18/22. Calculate the highest common factor of 39 and c.
13
Let l be ((-19)/(-2) - -3)*(-48)/(-30). What is the greatest common divisor of 90 and l?
10
Let q(k) = -k**3 - 8*k**2 - 4*k - 12. Suppose 3*s = -13 - 11. Let z be q(s). Calculate the greatest common divisor of 10 and z.
10
Let b(d) = -14*d + 448. Let t be b(20). Calculate the highest common divisor of t and 42.
42
Let s(b) = -22*b - 13. Let r be s(-4). Suppose 5*x - 3*o - r = 0, -4*x + 3*o + 54 + 6 = 0. Let l = 9 - 6. What is the highest common factor of x and l?
3
Let i(l) = -l**2 + 128. Let p(f) = f**2 - 4*f - 5. Let h be p(5). Let t be i(h). Suppose 0 = -3*y - y + t. Calculate the greatest common divisor of 8 and y.
8
Suppose -40*c + 2082 = -438. Calculate the greatest common divisor of c and 1071.
63
Let x = -1022 - -1586. Suppose 404 = 4*c - 4*u, 4*c = -u + x - 145. Calculate the highest common divisor of c and 13.
13
Let y(d) = 105*d - 30. Let k be y(4). Calculate the highest common factor of 52 and k.
26
Suppose -2*t + 514 - 484 = 0. What is the highest common factor of t and 645?
15
Suppose 5*h - 475 = 9*o - 14*o, o = 4*h + 115. Let p(l) = l**2 + 3*l - 5. Let w be p(-4). Let m = 8 - w. What is the highest common factor of o and m?
9
Suppose -24*y = -19*y - 110. Let z be -2 + (y/(-55) - 42/(-5)). Calculate the greatest common divisor of z and 10.
2
Let k(y) = -7*y - 8. Let v be k(-6). Let j = -26 + v. What is the highest common divisor of 40 and j?
8
Let q be 353 - ((-18)/(-4))/(9/6). What is the highest common divisor of q and 140?
70
Let c(a) = -190*a - 493. Let w be c(-7). Calculate the greatest common factor of 108 and w.
27
Let x = 21 + 24. Calculate the greatest common factor of 9 and x.
9
Suppose 5*p - 7 = 8. Let g(b) = -2 - 4 - b + p. Let m be g(-5). Calculate the highest common factor of 8 and m.
2
Suppose 0 = 4*r, r = 2*p - 3 - 19. What is the greatest common factor of p and 99?
11
Let l(z) = -z**3 + 18. Let b be l(0). Calculate the greatest common divisor of 45 and b.
9
Let c(a) = a**3 + 5*a**2 + 6*a + 4. Let t be c(-5). Let w = t - -30. What is the highest common factor of w and 36?
4
Let q = 381 - 376. Let a = -8 + 10. Calculate the highest common factor of a and q.
1
Let x be (1 - 6)*128/(-80). Let z be ((-20)/(-4) - 2) + x. What is the highest common factor of 99 and z?
11
Suppose -107*m + 115*m - 264 = 0. Calculate the greatest common divisor of 33 and m.
33
Let x = 20 - 23. Let k be (2 - 2)*x/(-6). Suppose k = -3*z + 4*z - 27. What is the highest common divisor of z and 3?
3
Suppose -g + 1492 = -3*c - 2*c, -305 = c + 2*g. Let w = c - -419. Calculate the highest common divisor of 20 and w.
20
Let x(o) = 2*o + 6. Let g be x(4). Let q(d) = -d**2 + 17*d - 4. Let s be q(5). What is the greatest common divisor of s and g?
14
Let z(c) = 2*c - 2. Let v be z(-2). Let a be 21/v*2*-44. Calculate the greatest common divisor of a and 28.
28
Let j = 65 - 21. Suppose 0 = 3*r - 9 - 3. What is the greatest common divisor of r and j?
4
Let v be (-9)/(-6)*(-26)/(-3). Suppose 2*q + 2 = -0. Let x(w) = 118*w**2 + w. Let r be x(q). Calculate the highest common factor of r and v.
13
Let u be 5 + -15 + 6 + 298. What is the greatest common factor of u and 14?
14
Let g = -36 - -128. Let f = g - 62. What is the highest common factor of f and 70?
10
Let p = -97 + 135. Suppose p = -2*d + 78. What is the highest common divisor of 8 and d?
4
Suppose s - 360 = -4*s. Let n be (s/60)/(2/15). Calculate the highest common factor of n and 1.
1
Let b(p) = -2*p**3 + 10*p**2 - 5*p + 1. Let l be b(4). What is the greatest common factor of l and 299?
13
Let k = 0 - -8. Let z = k + -6. Let i be -32*((-4)/2)/z. Calculate the highest common factor of i and 8.
8
Let x(w) = 3 + 23*w - 6 + 2*w**2 - 21*w. Let r be x(-4). Let q = r + -15. Calculate the greatest common factor of 4 and q.
2
Let y(q) = 81*q**2 + q + 1. Suppose 4*s = -20, k - 10 = 2*s - 1. Let o be y(k). What is the highest common factor of 9 and o?
9
Suppose 13*q = 22*q - 3132. What is the greatest common divisor of q and 12?
12
Suppose 2*l - 3*l = -2. Suppose 0 = -w + l - 3. Let p be 1*(-1 + (2 - w)). What is the greatest common factor of 10 and p?
2
Let u(k) = -21*k - 23. Let x be u(-3). Calculate the highest common divisor of x and 360.
40
Suppose 2*m = -2*k + 88, -33*m + 36*m = 5*k + 124. What is the highest common divisor of m and 43?
43
Let k(u) = 6*u**2. Let l be k(-1). Let c(r) = -r + r + 11 + r - 4. Let a be c(11). What is the greatest common divisor of l and a?
6
Let w(y) = -6*y**2 - 2. Let v be w(-2). Let u = v - -19. Let o = u - -106. What is the greatest common factor of 66 and o?
33
Let u be (-5 + (-9 - -4))*-3. What is the greatest common factor of u and 270?
30
Let g be (-3)/(2/4160*-6). Let h be 9/(36/g) + 1. Calculate the highest common factor of 29 and h.
29
Let i = 87 - 85. Let v be -1*(-1)/i*4. Suppose -3*q + 2 = -4. Calculate the highest common divisor of v and q.
2
Suppose -r - 9*r - 1220 = 0. Let j = -5 - r. Suppose 2*s = 26 - 0. Calculate the highest common divisor of j and s.
13
Let u be (-2)/(1624/(-324) + 5). Calculate the highest common divisor of u and 18.
18
Let j = -925 + 1458. What is the greatest common divisor of 41 and j?
41
Let r = 321 - 261. What is the greatest common divisor of 65 and r?
5
Let k be (-2)/8 + 61/4. Let g(o) = -4*o**2 - 108*o + 30. Let f be g(-27). What is the greatest common divisor of f and k?
15
Let y = -45 + 53. Let b = y + -2. Calculate the highest common divisor of b and 12.
6
Let n = 377 - 529. Let h = 373 + n. What is the greatest common factor of h and 13?
13
Suppose -4*k + 3*a - 51 = -k, -4*k + a = 83. Let m(q) = -3*q - 42. Let j be m(k). What is the highest common factor of j and 60?
12
Let u(g) = -12*g**2 - 7*g - 2. Let j be u(13). Let s be j/(-14) + 4 + 2/4. Calculate the greatest common factor of 24 and s.
12
Let r be ((-1)/(-1))/(-6*(-4)/696). Let a be 4/10 + (-111)/15. Let c = 123 + a. What is the greatest common divisor of r and c?
29
Suppose -2007 = 3*d - 0*d. Let o be d/51 - (-4)/34. Let w(b) = b**3 + 13*b**2 - b + 11. Let z be w(o). Calculate the highest common divisor of z and 16.
8
Let c = 24 - 15. Suppose h - 105 = -2*h. Let n = h + c. What is the greatest common divisor of 110 and n?
22
Let p(y) = y + 1. Let o be p(1). Suppose 2*a = -o*a + 336. What is the highest common factor of 21 and a?
21
Suppose -1414*w + 420 = -1411*w. What is the greatest common divisor of w and 70?
70
Let h = -555 - -763. Calculate the greatest common divisor of 48 and h.
16
Suppose 12 = 10*p - 28. Suppose -305 = -4*c + v, 3*v = -p + 13. Calculate the highest common factor of c and 33.
11
Suppose 0 = -3*r - 3*g - 36, r - 4 - 4 = -5*g. Let f = r - -22. What is the greatest common factor of f and 15?
5
Let i be 459/6*(-4)/(-6). Suppose 3*z + 3 - i = 0. Let o = -19 - -23. Calculate the greatest common divisor of o and z.
4
Let y(c) = -c**3 + 8*c**2 + 19*c + 32. Let m be y(10). Calculate the greatest common factor of m and 33.
